404418?
4
What is the hundred thousands digit of 764534?
7
What is the thousands digit of 6087496?
7
What is the hundreds digit of 3845048?
0
What is the thousands digit of 755642?
5
What is the tens digit of 2755664?
6
What is the units digit of 58890?
0
What is the millions digit of 9041967?
9
What is the tens digit of 248506?
0
What is the tens digit of 10509744?
4
What is the ten thousands digit of 22287?
2
What is the millions digit of 3428204?
3
What is the ten thousands digit of 495176?
9
What is the thousands digit of 220594?
0
What is the thousands digit of 1177524?
7
What is the units digit of 372320?
0
What is the hundred thousands digit of 462015?
4
What is the units digit of 535370?
0
What is the hundreds digit of 1085023?
0
What is the tens digit of 657455?
5
What is the units digit of 415432?
2
What is the thousands digit of 91045?
1
What is the hundred thousands digit of 353993?
3
What is the ten millions digit of 25576210?
2
What is the units digit of 208918?
8
What is the units digit of 558617?
7
What is the hundreds digit of 524357?
3
What is the units digit of 2831?
1
What is the tens digit of 1298356?
5
What is the thousands digit of 783031?
3
What is the ten thousands digit of 15280233?
8
What is the units digit of 5704570?
0
What is the millions digit of 28219931?
8
What is the hundred thousands digit of 7031999?
0
What is the tens digit of 248444?
4
What is the tens digit of 7640455?
5
What is the ten millions digit of 14310022?
1
What is the units digit of 4707807?
7
What is the thousands digit of 442825?
2
What is the tens digit of 2776684?
8
What is the hundreds digit of 799062?
0
What is the thousands digit of 216657?
6
What is the hundred thousands digit of 2501795?
5
What is the hundreds digit of 972591?
5
What is the units digit of 32485?
5
What is the units digit of 1522440?
0
What is the hundreds digit of 4953631?
6
What is the units digit of 230937?
7
What is the units digit of 13038193?
3
What is the ten thousands digit of 426678?
2
What is the hundreds digit of 291652?
6
What is the thousands digit of 29206516?
6
What is the tens digit of 7494775?
7
What is the units digit of 20366833?
3
What is the tens digit of 601157?
5
What is the hundred thousands digit of 3318658?
3
What is the units digit of 648891?
1
What is the tens digit of 146773?
7
What is the tens digit of 16365832?
3
What is the ten thousands digit of 6014768?
1
What is the millions digit of 4919929?
4
What is the thousands digit of 1412121?
2
What is the tens digit of 474926?
2
What is the hundred thousands digit of 1184407?
1
What is the units digit of 2032926?
6
What is the tens digit of 149334?
3
What is the units digit of 1036401?
1
What is the ten thousands digit of 81891?
8
What is the thousands digit of 2788071?
8
What is the thousands digit of 1665080?
5
What is the millions digit of 1588967?
1
What is the units digit of 63821?
1
What is the tens digit of 636211?
1
What is the thousands digit of 5820954?
0
What is the thousands digit of 9580473?
0
What is the thousands digit of 5266?
5
What is the millions digit of 1865201?
1
What is the thousands digit of 33488?
3
What is the thousands digit of 587403?
7
What is the tens digit of 96556?
5
What is the thousands digit of 3901573?
1
What is the hundreds digit of 2435032?
0
What is the ten thousands digit of 816551?
1
What is the thousands digit of 8559375?
9
What is the tens digit of 9010226?
2
What is the hundreds digit of 377246?
2
What is the thousands digit of 506875?
6
What is the thousands digit of 22283222?
3
What is the ten millions digit of 20395239?
2
What is the ten thousands digit of 2187636?
8
What is the thousands digit of 435703?
5
What is the hundred thousands digit of 4785319?
7
What is the hundred thousands digit of 17027976?
0
What is the hundred thousands digit of 385818?
3
What is the hundred thousands digit of 19923655?
9
What is the ten millions digit of 16047746?
1
What is the units digit of 150906?
6
What is the ten thousands digit of 1936184?
3
What is the ten thousands digit of 5676429?
7
What is the hundreds digit of 1439748?
7
What is the thousands digit of 983288?
3
What is the thousands digit of 13823041?
3
What is the units digit of 28801858?
8
What is the units digit of 133843?
3
What is the ten millions digit of 33874296?
3
What is the millions digit of 12562047?
2
What is the thousands digit of 662517?
2
What is the tens digit of 133081?
8
What is the millions digit of 6271166?
6
What is the thousands digit of 2241406?
1
What is the ten millions digit of 14411630?
1
What is the hundred thousands digit of 1198317?
1
What is the hundreds digit of 9486?
4
What is the units digit of 362022?
2
What is the ten thousands digit of 1902400?
0
What is the thousands digit of 214198?
4
What is the ten thousands digit of 1598819?
9
What is the tens digit of 157271?
7
What is the hundreds digit of 342279?
2
What is the tens digit of 49251?
5
What is the thousands digit of 855610?
5
What is the millions digit of 23585708?
3
What is the units digit of 1785672?
2
What is the tens digit of 15014934?
3
What is the millions digit of 4877127?
4
What is the hundreds digit of 4082869?
8
What is the millions digit of 31109085?
1
What is the units digit of 10892478?
8
What is the thousands digit of 150621?
0
What is the ten thousands digit of 854252?
5
What is the ten thousands digit of 442702?
4
What is the hundreds digit of 446256?
2
What is the units digit of 872127?
7
What is the hundreds digit of 1200041?
0
What is the thousands digit of 3434263?
4
What is the units digit of 1162129?
9
What is the millions digit of 4094891?
4
What is the units digit of 734905?
5
What is the thousands digit of 18758212?
8
What is the thousands digit of 923127?
3
What is the units digit of 355234?
4
What is the units digit of 43742?
2
What is the hundreds digit of 980435?
4
What is the thousands digit of 5205576?
5
What is the hundred thousands digit of 10148726?
1
What is the hundred thousands digit of 2329892?
3
What is the tens digit of 10844260?
6
What is the hundreds digit of 2526799?
7
What is the tens digit of 4659099?
9
What is the ten thousands digit of 587671?
8
What is the tens digit of 164299?
9
What is the ten millions digit of 17101312?
1
What is the ten thousands digit of 861560?
6
What is the thousands digit of 23484576?
4
What is the hundred thousands digit of 17390906?
3
What is the ten thousands digit of 56182?
5
What is the hundreds digit of 27825894?
8
What is the tens digit of 66690?
9
What is the ten thousands digit of 16552?
1
What is the hundreds digit of 719873?
8
What is the tens digit of 676193?
9
What is the hundred thousands digit of 421192?
4
What is the tens digit of 472201?
0
What is the ten thousands digit of 3386679?
8
What is the thousands digit of 272009?
2
What is the hundred thousands digit of 6620630?
6
What is the units digit of 676493?
3
What is the tens digit of 274562?
6
What is the ten millions digit of 16907207?
1
What is the hundred thousands digit of 821227?
8
What is the tens digit of 3977025?
2
What is the tens digit of 349087?
8
What is the hundred thousands digit of 5697692?
6
What is the ten thousands digit of 75894?
7
What is the hundred thousands digit of 9757179?
7
What is the ten thousands digit of 898142?
9
What is the hundred thousands digit of 1808312?
8
What is the hundred thousands digit of 1824427?
8
What is the units digit of 424807?
7
What is the tens digit of 1424069?
6
What is the ten thousands digit of 137703?
3
What is the hundreds digit of 4332748?
7
What is the tens digit of 7817347?
4
What is the ten millions digit of 23633772?
2
What is the thousands digit of 503054?
3
What is the hundred thousands digit of 19416197?
4
What is the ten thousands digit of 109082?
0
What is the units digit of 10143156?
6
What is the thousands digit of 16382648?
2
What is the tens digit of 5600?
0
What is the ten millions digit of 13234575?
1
What is the tens digit of 413811?
1
What is the units digit of 13175143?
3
What is the thousands digit of 967676?
7
What is the millions digit of 2175257?
2
What is the hundreds digit of 11552105?
1
What is the units digit of 3515426?
6
What is the hundred thousands digit of 177990?
1
What is the 